{"id":152,"date":"2025-02-21T14:19:38","date_gmt":"2025-02-21T13:19:38","guid":{"rendered":"https:\/\/www.elektrotechnikdesch.de\/?page_id=152"},"modified":"2025-02-21T14:20:25","modified_gmt":"2025-02-21T13:20:25","slug":"ritto-twinbus-sprechanlagen","status":"publish","type":"page","link":"https:\/\/www.elektrotechnikdesch.de\/?page_id=152","title":{"rendered":"Ritto Twinbus Sprechanlagen"},"content":{"rendered":"\n<div class=\"wp-block-group is-layout-constrained wp-block-group-is-layout-constrained\">\n<div class=\"wp-block-columns is-layout-flex wp-container-core-columns-is-layout-9d6595d7 wp-block-columns-is-layout-flex\">\n<div class=\"wp-block-column is-layout-flow wp-block-column-is-layout-flow\" style=\"flex-basis:100%\">\n<p>Die Ritto Twinbus Sprechanlagen ben\u00f6tigen nur 2 Adern in der Hauselektrik und k\u00f6nnen somit schnell und einfach installiert werden und eignen sich darum auch gut als Austausch f\u00fcr alte Sprechanlagen. Die alten Kabel k\u00f6nnen i.d.R. weiterverwendet werden.<\/p>\n<\/div>\n<\/div>\n\n\n\n<p>Links: Acero pur Edelstahl-T\u00fcrstation Unterputz 2WE <br>Rechts: Entravox T\u00fcrstation Aufputz 2WE wei\u00df (Auch in silber oder schwarz erh\u00e4ltlich)<\/p>\n\n\n\n<figure class=\"wp-block-gallery has-nested-images columns-default is-cropped wp-block-gallery-1 is-layout-flex wp-block-gallery-is-layout-flex\">\n<figure class=\"wp-block-image size-large\"><img loading=\"lazy\" decoding=\"async\" width=\"800\" height=\"800\" data-id=\"155\" src=\"https:\/\/www.elektrotechnikdesch.de\/wp-content\/uploads\/2025\/02\/csm_PIO00016632_1500x1500_f47149e6c2-1.jpg\" alt=\"\" class=\"wp-image-155\" srcset=\"https:\/\/www.elektrotechnikdesch.de\/wp-content\/uploads\/2025\/02\/csm_PIO00016632_1500x1500_f47149e6c2-1.jpg 800w, https:\/\/www.elektrotechnikdesch.de\/wp-content\/uploads\/2025\/02\/csm_PIO00016632_1500x1500_f47149e6c2-1-300x300.jpg 300w, https:\/\/www.elektrotechnikdesch.de\/wp-content\/uploads\/2025\/02\/csm_PIO00016632_1500x1500_f47149e6c2-1-150x150.jpg 150w, https:\/\/www.elektrotechnikdesch.de\/wp-content\/uploads\/2025\/02\/csm_PIO00016632_1500x1500_f47149e6c2-1-768x768.jpg 768w, https:\/\/www.elektrotechnikdesch.de\/wp-content\/uploads\/2025\/02\/csm_PIO00016632_1500x1500_f47149e6c2-1-100x100.jpg 100w, https:\/\/www.elektrotechnikdesch.de\/wp-content\/uploads\/2025\/02\/csm_PIO00016632_1500x1500_f47149e6c2-1-200x200.jpg 200w, https:\/\/www.elektrotechnikdesch.de\/wp-content\/uploads\/2025\/02\/csm_PIO00016632_1500x1500_f47149e6c2-1-450x450.jpg 450w, https:\/\/www.elektrotechnikdesch.de\/wp-content\/uploads\/2025\/02\/csm_PIO00016632_1500x1500_f47149e6c2-1-600x600.jpg 600w\" sizes=\"auto, (max-width: 800px) 100vw, 800px\" \/><\/figure>\n\n\n\n<figure class=\"wp-block-image size-large\"><img loading=\"lazy\" decoding=\"async\" width=\"800\" height=\"800\" data-id=\"156\" src=\"https:\/\/www.elektrotechnikdesch.de\/wp-content\/uploads\/2025\/02\/csm_PIO00016669_1500x1500_9bb290ff91-1.jpg\" alt=\"\" class=\"wp-image-156\" srcset=\"https:\/\/www.elektrotechnikdesch.de\/wp-content\/uploads\/2025\/02\/csm_PIO00016669_1500x1500_9bb290ff91-1.jpg 800w, https:\/\/www.elektrotechnikdesch.de\/wp-content\/uploads\/2025\/02\/csm_PIO00016669_1500x1500_9bb290ff91-1-300x300.jpg 300w, https:\/\/www.elektrotechnikdesch.de\/wp-content\/uploads\/2025\/02\/csm_PIO00016669_1500x1500_9bb290ff91-1-150x150.jpg 150w, https:\/\/www.elektrotechnikdesch.de\/wp-content\/uploads\/2025\/02\/csm_PIO00016669_1500x1500_9bb290ff91-1-768x768.jpg 768w, https:\/\/www.elektrotechnikdesch.de\/wp-content\/uploads\/2025\/02\/csm_PIO00016669_1500x1500_9bb290ff91-1-100x100.jpg 100w, https:\/\/www.elektrotechnikdesch.de\/wp-content\/uploads\/2025\/02\/csm_PIO00016669_1500x1500_9bb290ff91-1-200x200.jpg 200w, https:\/\/www.elektrotechnikdesch.de\/wp-content\/uploads\/2025\/02\/csm_PIO00016669_1500x1500_9bb290ff91-1-450x450.jpg 450w, https:\/\/www.elektrotechnikdesch.de\/wp-content\/uploads\/2025\/02\/csm_PIO00016669_1500x1500_9bb290ff91-1-600x600.jpg 600w\" sizes=\"auto, (max-width: 800px) 100vw, 800px\" \/><\/figure>\n<\/figure>\n<\/div>\n\n\n\n<p>Links: Freisprechstelle wei\u00df (Auch in schwarz erh\u00e4ltlich)<br>Rechts: Wohntelefon wei\u00df (Auch in silber oder schwarz erh\u00e4ltlich)<\/p>\n\n\n\n<figure class=\"wp-block-gallery has-nested-images columns-default is-cropped wp-block-gallery-2 is-layout-flex wp-block-gallery-is-layout-flex\">\n<figure class=\"wp-block-image size-large\"><img loading=\"lazy\" decoding=\"async\" width=\"800\" height=\"800\" data-id=\"157\" src=\"https:\/\/www.elektrotechnikdesch.de\/wp-content\/uploads\/2025\/02\/csm_PIO00016674_1500x1500_e06a327c7f.jpg\" alt=\"\" class=\"wp-image-157\" srcset=\"https:\/\/www.elektrotechnikdesch.de\/wp-content\/uploads\/2025\/02\/csm_PIO00016674_1500x1500_e06a327c7f.jpg 800w, https:\/\/www.elektrotechnikdesch.de\/wp-content\/uploads\/2025\/02\/csm_PIO00016674_1500x1500_e06a327c7f-300x300.jpg 300w, https:\/\/www.elektrotechnikdesch.de\/wp-content\/uploads\/2025\/02\/csm_PIO00016674_1500x1500_e06a327c7f-150x150.jpg 150w, https:\/\/www.elektrotechnikdesch.de\/wp-content\/uploads\/2025\/02\/csm_PIO00016674_1500x1500_e06a327c7f-768x768.jpg 768w, https:\/\/www.elektrotechnikdesch.de\/wp-content\/uploads\/2025\/02\/csm_PIO00016674_1500x1500_e06a327c7f-100x100.jpg 100w, https:\/\/www.elektrotechnikdesch.de\/wp-content\/uploads\/2025\/02\/csm_PIO00016674_1500x1500_e06a327c7f-200x200.jpg 200w, https:\/\/www.elektrotechnikdesch.de\/wp-content\/uploads\/2025\/02\/csm_PIO00016674_1500x1500_e06a327c7f-450x450.jpg 450w, https:\/\/www.elektrotechnikdesch.de\/wp-content\/uploads\/2025\/02\/csm_PIO00016674_1500x1500_e06a327c7f-600x600.jpg 600w\" sizes=\"auto, (max-width: 800px) 100vw, 800px\" \/><\/figure>\n\n\n\n<figure class=\"wp-block-image size-large\"><img loading=\"lazy\" decoding=\"async\" width=\"800\" height=\"800\" data-id=\"158\" src=\"https:\/\/www.elektrotechnikdesch.de\/wp-content\/uploads\/2025\/02\/csm_PIO00016684_1500x1500_135b05271d.jpg\" alt=\"\" class=\"wp-image-158\" srcset=\"https:\/\/www.elektrotechnikdesch.de\/wp-content\/uploads\/2025\/02\/csm_PIO00016684_1500x1500_135b05271d.jpg 800w, https:\/\/www.elektrotechnikdesch.de\/wp-content\/uploads\/2025\/02\/csm_PIO00016684_1500x1500_135b05271d-300x300.jpg 300w, https:\/\/www.elektrotechnikdesch.de\/wp-content\/uploads\/2025\/02\/csm_PIO00016684_1500x1500_135b05271d-150x150.jpg 150w, https:\/\/www.elektrotechnikdesch.de\/wp-content\/uploads\/2025\/02\/csm_PIO00016684_1500x1500_135b05271d-768x768.jpg 768w, https:\/\/www.elektrotechnikdesch.de\/wp-content\/uploads\/2025\/02\/csm_PIO00016684_1500x1500_135b05271d-100x100.jpg 100w, https:\/\/www.elektrotechnikdesch.de\/wp-content\/uploads\/2025\/02\/csm_PIO00016684_1500x1500_135b05271d-200x200.jpg 200w, https:\/\/www.elektrotechnikdesch.de\/wp-content\/uploads\/2025\/02\/csm_PIO00016684_1500x1500_135b05271d-450x450.jpg 450w, https:\/\/www.elektrotechnikdesch.de\/wp-content\/uploads\/2025\/02\/csm_PIO00016684_1500x1500_135b05271d-600x600.jpg 600w\" sizes=\"auto, (max-width: 800px) 100vw, 800px\" \/><\/figure>\n<\/figure>\n\n\n\n<p><\/p>\n","protected":false},"excerpt":{"rendered":"<p>Die Ritto Twinbus Sprechanlagen ben\u00f6tigen nur 2 Adern in der Hauselektrik und k\u00f6nnen somit schnell und einfach installiert werden und eignen sich darum auch gut als Austausch f\u00fcr alte Sprechanlagen. Die alten Kabel k\u00f6nnen i.d.R. weiterverwendet werden. Links: Acero pur &hellip;<\/p>\n<p class=\"read-more\"> <a class=\"more-link\" href=\"https:\/\/www.elektrotechnikdesch.de\/?page_id=152\"> <span class=\"screen-reader-text\">Ritto Twinbus Sprechanlagen<\/span> Weiterlesen &raquo;<\/a><\/p>\n","protected":false},"author":1,"featured_media":0,"parent":0,"menu_order":0,"comment_status":"closed","ping_status":"closed","template":"","meta":{"footnotes":""},"class_list":["post-152","page","type-page","status-publish","hentry"],"_links":{"self":[{"href":"https:\/\/www.elektrotechnikdesch.de\/index.php?rest_route=\/wp\/v2\/pages\/152","targetHints":{"allow":["GET"]}}],"collection":[{"href":"https:\/\/www.elektrotechnikdesch.de\/index.php?rest_route=\/wp\/v2\/pages"}],"about":[{"href":"https:\/\/www.elektrotechnikdesch.de\/index.php?rest_route=\/wp\/v2\/types\/page"}],"author":[{"embeddable":true,"href":"https:\/\/www.elektrotechnikdesch.de\/index.php?rest_route=\/wp\/v2\/users\/1"}],"replies":[{"embeddable":true,"href":"https:\/\/www.elektrotechnikdesch.de\/index.php?rest_route=%2Fwp%2Fv2%2Fcomments&post=152"}],"version-history":[{"count":2,"href":"https:\/\/www.elektrotechnikdesch.de\/index.php?rest_route=\/wp\/v2\/pages\/152\/revisions"}],"predecessor-version":[{"id":160,"href":"https:\/\/www.elektrotechnikdesch.de\/index.php?rest_route=\/wp\/v2\/pages\/152\/revisions\/160"}],"wp:attachment":[{"href":"https:\/\/www.elektrotechnikdesch.de\/index.php?rest_route=%2Fwp%2Fv2%2Fmedia&parent=152"}],"curies":[{"name":"wp","href":"https:\/\/api.w.org\/{rel}","templated":true}]}}