{"id":94,"date":"2020-09-23T15:13:20","date_gmt":"2020-09-23T13:13:20","guid":{"rendered":"http:\/\/www.elektrotechnikdesch.de\/?page_id=94"},"modified":"2020-09-23T15:13:21","modified_gmt":"2020-09-23T13:13:21","slug":"gira-schalterprogramme","status":"publish","type":"page","link":"https:\/\/www.elektrotechnikdesch.de\/?page_id=94","title":{"rendered":"Gira Schalterprogramme"},"content":{"rendered":"\n<p>Gira Standard 55 reinwei\u00df gl\u00e4nzend (weitere Farben verf\u00fcgbar)<\/p>\n\n\n\n<figure class=\"wp-block-gallery columns-2 is-cropped wp-block-gallery-1 is-layout-flex wp-block-gallery-is-layout-flex\"><ul class=\"blocks-gallery-grid\"><li class=\"blocks-gallery-item\"><figure><img loading=\"lazy\" decoding=\"async\" width=\"850\" height=\"850\" src=\"https:\/\/www.elektrotechnikdesch.de\/wp-content\/uploads\/2020\/09\/Schalter-Standard-55.jpg\" alt=\"\" data-id=\"97\" data-full-url=\"https:\/\/www.elektrotechnikdesch.de\/wp-content\/uploads\/2020\/09\/Schalter-Standard-55.jpg\" data-link=\"https:\/\/www.elektrotechnikdesch.de\/?attachment_id=97\" class=\"wp-image-97\" srcset=\"https:\/\/www.elektrotechnikdesch.de\/wp-content\/uploads\/2020\/09\/Schalter-Standard-55.jpg 850w, https:\/\/www.elektrotechnikdesch.de\/wp-content\/uploads\/2020\/09\/Schalter-Standard-55-300x300.jpg 300w, https:\/\/www.elektrotechnikdesch.de\/wp-content\/uploads\/2020\/09\/Schalter-Standard-55-150x150.jpg 150w, https:\/\/www.elektrotechnikdesch.de\/wp-content\/uploads\/2020\/09\/Schalter-Standard-55-768x768.jpg 768w, https:\/\/www.elektrotechnikdesch.de\/wp-content\/uploads\/2020\/09\/Schalter-Standard-55-100x100.jpg 100w, https:\/\/www.elektrotechnikdesch.de\/wp-content\/uploads\/2020\/09\/Schalter-Standard-55-200x200.jpg 200w, https:\/\/www.elektrotechnikdesch.de\/wp-content\/uploads\/2020\/09\/Schalter-Standard-55-450x450.jpg 450w, https:\/\/www.elektrotechnikdesch.de\/wp-content\/uploads\/2020\/09\/Schalter-Standard-55-600x600.jpg 600w\" sizes=\"auto, (max-width: 850px) 100vw, 850px\" \/><\/figure><\/li><li class=\"blocks-gallery-item\"><figure><img loading=\"lazy\" decoding=\"async\" width=\"850\" height=\"850\" src=\"https:\/\/www.elektrotechnikdesch.de\/wp-content\/uploads\/2020\/09\/Steckdose-Standard-55.jpg\" alt=\"\" data-id=\"98\" data-full-url=\"https:\/\/www.elektrotechnikdesch.de\/wp-content\/uploads\/2020\/09\/Steckdose-Standard-55.jpg\" data-link=\"https:\/\/www.elektrotechnikdesch.de\/?attachment_id=98\" class=\"wp-image-98\" srcset=\"https:\/\/www.elektrotechnikdesch.de\/wp-content\/uploads\/2020\/09\/Steckdose-Standard-55.jpg 850w, https:\/\/www.elektrotechnikdesch.de\/wp-content\/uploads\/2020\/09\/Steckdose-Standard-55-300x300.jpg 300w, https:\/\/www.elektrotechnikdesch.de\/wp-content\/uploads\/2020\/09\/Steckdose-Standard-55-150x150.jpg 150w, https:\/\/www.elektrotechnikdesch.de\/wp-content\/uploads\/2020\/09\/Steckdose-Standard-55-768x768.jpg 768w, https:\/\/www.elektrotechnikdesch.de\/wp-content\/uploads\/2020\/09\/Steckdose-Standard-55-100x100.jpg 100w, https:\/\/www.elektrotechnikdesch.de\/wp-content\/uploads\/2020\/09\/Steckdose-Standard-55-200x200.jpg 200w, https:\/\/www.elektrotechnikdesch.de\/wp-content\/uploads\/2020\/09\/Steckdose-Standard-55-450x450.jpg 450w, https:\/\/www.elektrotechnikdesch.de\/wp-content\/uploads\/2020\/09\/Steckdose-Standard-55-600x600.jpg 600w\" sizes=\"auto, (max-width: 850px) 100vw, 850px\" \/><\/figure><\/li><\/ul><\/figure>\n\n\n\n<p>Gira System 55 E2 reinwei\u00df gl\u00e4nzend (weitere Farben verf\u00fcgbar)<\/p>\n\n\n\n<figure class=\"wp-block-gallery columns-2 is-cropped wp-block-gallery-2 is-layout-flex wp-block-gallery-is-layout-flex\"><ul class=\"blocks-gallery-grid\"><li class=\"blocks-gallery-item\"><figure><img loading=\"lazy\" decoding=\"async\" width=\"1024\" height=\"1016\" src=\"https:\/\/www.elektrotechnikdesch.de\/wp-content\/uploads\/2020\/09\/Schalter-E2-1024x1016.jpg\" alt=\"\" data-id=\"99\" data-full-url=\"https:\/\/www.elektrotechnikdesch.de\/wp-content\/uploads\/2020\/09\/Schalter-E2.jpg\" data-link=\"https:\/\/www.elektrotechnikdesch.de\/?attachment_id=99\" class=\"wp-image-99\" srcset=\"https:\/\/www.elektrotechnikdesch.de\/wp-content\/uploads\/2020\/09\/Schalter-E2-1024x1016.jpg 1024w, https:\/\/www.elektrotechnikdesch.de\/wp-content\/uploads\/2020\/09\/Schalter-E2-300x298.jpg 300w, https:\/\/www.elektrotechnikdesch.de\/wp-content\/uploads\/2020\/09\/Schalter-E2-150x149.jpg 150w, https:\/\/www.elektrotechnikdesch.de\/wp-content\/uploads\/2020\/09\/Schalter-E2-768x762.jpg 768w, https:\/\/www.elektrotechnikdesch.de\/wp-content\/uploads\/2020\/09\/Schalter-E2-100x99.jpg 100w, https:\/\/www.elektrotechnikdesch.de\/wp-content\/uploads\/2020\/09\/Schalter-E2-200x198.jpg 200w, https:\/\/www.elektrotechnikdesch.de\/wp-content\/uploads\/2020\/09\/Schalter-E2-450x446.jpg 450w, https:\/\/www.elektrotechnikdesch.de\/wp-content\/uploads\/2020\/09\/Schalter-E2-600x595.jpg 600w, https:\/\/www.elektrotechnikdesch.de\/wp-content\/uploads\/2020\/09\/Schalter-E2-900x893.jpg 900w, https:\/\/www.elektrotechnikdesch.de\/wp-content\/uploads\/2020\/09\/Schalter-E2.jpg 1132w\" sizes=\"auto, (max-width: 1024px) 100vw, 1024px\" \/><\/figure><\/li><li class=\"blocks-gallery-item\"><figure><img loading=\"lazy\" decoding=\"async\" width=\"850\" height=\"850\" src=\"https:\/\/www.elektrotechnikdesch.de\/wp-content\/uploads\/2020\/09\/Steckdose-E2.jpg\" alt=\"\" data-id=\"100\" data-full-url=\"https:\/\/www.elektrotechnikdesch.de\/wp-content\/uploads\/2020\/09\/Steckdose-E2.jpg\" data-link=\"https:\/\/www.elektrotechnikdesch.de\/?attachment_id=100\" class=\"wp-image-100\" srcset=\"https:\/\/www.elektrotechnikdesch.de\/wp-content\/uploads\/2020\/09\/Steckdose-E2.jpg 850w, https:\/\/www.elektrotechnikdesch.de\/wp-content\/uploads\/2020\/09\/Steckdose-E2-300x300.jpg 300w, https:\/\/www.elektrotechnikdesch.de\/wp-content\/uploads\/2020\/09\/Steckdose-E2-150x150.jpg 150w, https:\/\/www.elektrotechnikdesch.de\/wp-content\/uploads\/2020\/09\/Steckdose-E2-768x768.jpg 768w, https:\/\/www.elektrotechnikdesch.de\/wp-content\/uploads\/2020\/09\/Steckdose-E2-100x100.jpg 100w, https:\/\/www.elektrotechnikdesch.de\/wp-content\/uploads\/2020\/09\/Steckdose-E2-200x200.jpg 200w, https:\/\/www.elektrotechnikdesch.de\/wp-content\/uploads\/2020\/09\/Steckdose-E2-450x450.jpg 450w, https:\/\/www.elektrotechnikdesch.de\/wp-content\/uploads\/2020\/09\/Steckdose-E2-600x600.jpg 600w\" sizes=\"auto, (max-width: 850px) 100vw, 850px\" \/><\/figure><\/li><\/ul><\/figure>\n\n\n\n<p>Gira System 55 E3 reinwei\u00df gl\u00e4nzend (weitere Farben verf\u00fcgbar)<\/p>\n\n\n\n<figure class=\"wp-block-gallery columns-2 is-cropped wp-block-gallery-3 is-layout-flex wp-block-gallery-is-layout-flex\"><ul class=\"blocks-gallery-grid\"><li class=\"blocks-gallery-item\"><figure><img loading=\"lazy\" decoding=\"async\" width=\"850\" height=\"850\" src=\"https:\/\/www.elektrotechnikdesch.de\/wp-content\/uploads\/2020\/09\/Schalter-E3.jpg\" alt=\"\" data-id=\"101\" data-full-url=\"https:\/\/www.elektrotechnikdesch.de\/wp-content\/uploads\/2020\/09\/Schalter-E3.jpg\" data-link=\"https:\/\/www.elektrotechnikdesch.de\/?attachment_id=101\" class=\"wp-image-101\" srcset=\"https:\/\/www.elektrotechnikdesch.de\/wp-content\/uploads\/2020\/09\/Schalter-E3.jpg 850w, https:\/\/www.elektrotechnikdesch.de\/wp-content\/uploads\/2020\/09\/Schalter-E3-300x300.jpg 300w, https:\/\/www.elektrotechnikdesch.de\/wp-content\/uploads\/2020\/09\/Schalter-E3-150x150.jpg 150w, https:\/\/www.elektrotechnikdesch.de\/wp-content\/uploads\/2020\/09\/Schalter-E3-768x768.jpg 768w, https:\/\/www.elektrotechnikdesch.de\/wp-content\/uploads\/2020\/09\/Schalter-E3-100x100.jpg 100w, https:\/\/www.elektrotechnikdesch.de\/wp-content\/uploads\/2020\/09\/Schalter-E3-200x200.jpg 200w, https:\/\/www.elektrotechnikdesch.de\/wp-content\/uploads\/2020\/09\/Schalter-E3-450x450.jpg 450w, https:\/\/www.elektrotechnikdesch.de\/wp-content\/uploads\/2020\/09\/Schalter-E3-600x600.jpg 600w\" sizes=\"auto, (max-width: 850px) 100vw, 850px\" \/><\/figure><\/li><li class=\"blocks-gallery-item\"><figure><img loading=\"lazy\" decoding=\"async\" width=\"1024\" height=\"1024\" src=\"https:\/\/www.elektrotechnikdesch.de\/wp-content\/uploads\/2020\/09\/Steckdose-E3-1024x1024.jpg\" alt=\"\" data-id=\"104\" data-full-url=\"https:\/\/www.elektrotechnikdesch.de\/wp-content\/uploads\/2020\/09\/Steckdose-E3.jpg\" data-link=\"https:\/\/www.elektrotechnikdesch.de\/?attachment_id=104\" class=\"wp-image-104\" srcset=\"https:\/\/www.elektrotechnikdesch.de\/wp-content\/uploads\/2020\/09\/Steckdose-E3-1024x1024.jpg 1024w, https:\/\/www.elektrotechnikdesch.de\/wp-content\/uploads\/2020\/09\/Steckdose-E3-300x300.jpg 300w, https:\/\/www.elektrotechnikdesch.de\/wp-content\/uploads\/2020\/09\/Steckdose-E3-150x150.jpg 150w, https:\/\/www.elektrotechnikdesch.de\/wp-content\/uploads\/2020\/09\/Steckdose-E3-768x768.jpg 768w, https:\/\/www.elektrotechnikdesch.de\/wp-content\/uploads\/2020\/09\/Steckdose-E3-100x100.jpg 100w, https:\/\/www.elektrotechnikdesch.de\/wp-content\/uploads\/2020\/09\/Steckdose-E3-200x200.jpg 200w, https:\/\/www.elektrotechnikdesch.de\/wp-content\/uploads\/2020\/09\/Steckdose-E3-450x450.jpg 450w, https:\/\/www.elektrotechnikdesch.de\/wp-content\/uploads\/2020\/09\/Steckdose-E3-600x600.jpg 600w, https:\/\/www.elektrotechnikdesch.de\/wp-content\/uploads\/2020\/09\/Steckdose-E3-900x900.jpg 900w, https:\/\/www.elektrotechnikdesch.de\/wp-content\/uploads\/2020\/09\/Steckdose-E3.jpg 1284w\" sizes=\"auto, (max-width: 1024px) 100vw, 1024px\" \/><\/figure><\/li><\/ul><\/figure>\n","protected":false},"excerpt":{"rendered":"<p>Gira Standard 55 reinwei\u00df gl\u00e4nzend (weitere Farben verf\u00fcgbar) Gira System 55 E2 reinwei\u00df gl\u00e4nzend (weitere Farben verf\u00fcgbar) Gira System 55 E3 reinwei\u00df gl\u00e4nzend (weitere Farben verf\u00fcgbar)<\/p>\n","protected":false},"author":1,"featured_media":0,"parent":0,"menu_order":0,"comment_status":"closed","ping_status":"closed","template":"","meta":{"footnotes":""},"class_list":["post-94","page","type-page","status-publish","hentry"],"_links":{"self":[{"href":"https:\/\/www.elektrotechnikdesch.de\/index.php?rest_route=\/wp\/v2\/pages\/94","targetHints":{"allow":["GET"]}}],"collection":[{"href":"https:\/\/www.elektrotechnikdesch.de\/index.php?rest_route=\/wp\/v2\/pages"}],"about":[{"href":"https:\/\/www.elektrotechnikdesch.de\/index.php?rest_route=\/wp\/v2\/types\/page"}],"author":[{"embeddable":true,"href":"https:\/\/www.elektrotechnikdesch.de\/index.php?rest_route=\/wp\/v2\/users\/1"}],"replies":[{"embeddable":true,"href":"https:\/\/www.elektrotechnikdesch.de\/index.php?rest_route=%2Fwp%2Fv2%2Fcomments&post=94"}],"version-history":[{"count":1,"href":"https:\/\/www.elektrotechnikdesch.de\/index.php?rest_route=\/wp\/v2\/pages\/94\/revisions"}],"predecessor-version":[{"id":105,"href":"https:\/\/www.elektrotechnikdesch.de\/index.php?rest_route=\/wp\/v2\/pages\/94\/revisions\/105"}],"wp:attachment":[{"href":"https:\/\/www.elektrotechnikdesch.de\/index.php?rest_route=%2Fwp%2Fv2%2Fmedia&parent=94"}],"curies":[{"name":"wp","href":"https:\/\/api.w.org\/{rel}","templated":true}]}}

<p>Gira Standard 55 reinweiß glänzend (weitere Farben verfügbar)</p>



<figure class="wp-block-gallery columns-2 is-cropped wp-block-gallery-1 is-layout-flex wp-block-gallery-is-layout-flex"><ul class="blocks-gallery-grid"><li class="blocks-gallery-item"><figure><img loading="lazy" decoding="async" width="850" height="850" src="https://www.elektrotechnikdesch.de/wp-content/uploads/2020/09/Schalter-Standard-55.jpg" alt="" data-id="97" data-full-url="https://www.elektrotechnikdesch.de/wp-content/uploads/2020/09/Schalter-Standard-55.jpg" data-link="https://www.elektrotechnikdesch.de/?attachment_id=97" class="wp-image-97" srcset="https://www.elektrotechnikdesch.de/wp-content/uploads/2020/09/Schalter-Standard-55.jpg 850w, https://www.elektrotechnikdesch.de/wp-content/uploads/2020/09/Schalter-Standard-55-300x300.jpg 300w, https://www.elektrotechnikdesch.de/wp-content/uploads/2020/09/Schalter-Standard-55-150x150.jpg 150w, https://www.elektrotechnikdesch.de/wp-content/uploads/2020/09/Schalter-Standard-55-768x768.jpg 768w, https://www.elektrotechnikdesch.de/wp-content/uploads/2020/09/Schalter-Standard-55-100x100.jpg 100w, https://www.elektrotechnikdesch.de/wp-content/uploads/2020/09/Schalter-Standard-55-200x200.jpg 200w, https://www.elektrotechnikdesch.de/wp-content/uploads/2020/09/Schalter-Standard-55-450x450.jpg 450w, https://www.elektrotechnikdesch.de/wp-content/uploads/2020/09/Schalter-Standard-55-600x600.jpg 600w" sizes="auto, (max-width: 850px) 100vw, 850px" /></figure></li><li class="blocks-gallery-item"><figure><img loading="lazy" decoding="async" width="850" height="850" src="https://www.elektrotechnikdesch.de/wp-content/uploads/2020/09/Steckdose-Standard-55.jpg" alt="" data-id="98" data-full-url="https://www.elektrotechnikdesch.de/wp-content/uploads/2020/09/Steckdose-Standard-55.jpg" data-link="https://www.elektrotechnikdesch.de/?attachment_id=98" class="wp-image-98" srcset="https://www.elektrotechnikdesch.de/wp-content/uploads/2020/09/Steckdose-Standard-55.jpg 850w, https://www.elektrotechnikdesch.de/wp-content/uploads/2020/09/Steckdose-Standard-55-300x300.jpg 300w, https://www.elektrotechnikdesch.de/wp-content/uploads/2020/09/Steckdose-Standard-55-150x150.jpg 150w, https://www.elektrotechnikdesch.de/wp-content/uploads/2020/09/Steckdose-Standard-55-768x768.jpg 768w, https://www.elektrotechnikdesch.de/wp-content/uploads/2020/09/Steckdose-Standard-55-100x100.jpg 100w, https://www.elektrotechnikdesch.de/wp-content/uploads/2020/09/Steckdose-Standard-55-200x200.jpg 200w, https://www.elektrotechnikdesch.de/wp-content/uploads/2020/09/Steckdose-Standard-55-450x450.jpg 450w, https://www.elektrotechnikdesch.de/wp-content/uploads/2020/09/Steckdose-Standard-55-600x600.jpg 600w" sizes="auto, (max-width: 850px) 100vw, 850px" /></figure></li></ul></figure>



<p>Gira System 55 E2 reinweiß glänzend (weitere Farben verfügbar)</p>



<figure class="wp-block-gallery columns-2 is-cropped wp-block-gallery-2 is-layout-flex wp-block-gallery-is-layout-flex"><ul class="blocks-gallery-grid"><li class="blocks-gallery-item"><figure><img loading="lazy" decoding="async" width="1024" height="1016" src="https://www.elektrotechnikdesch.de/wp-content/uploads/2020/09/Schalter-E2-1024x1016.jpg" alt="" data-id="99" data-full-url="https://www.elektrotechnikdesch.de/wp-content/uploads/2020/09/Schalter-E2.jpg" data-link="https://www.elektrotechnikdesch.de/?attachment_id=99" class="wp-image-99" srcset="https://www.elektrotechnikdesch.de/wp-content/uploads/2020/09/Schalter-E2-1024x1016.jpg 1024w, https://www.elektrotechnikdesch.de/wp-content/uploads/2020/09/Schalter-E2-300x298.jpg 300w, https://www.elektrotechnikdesch.de/wp-content/uploads/2020/09/Schalter-E2-150x149.jpg 150w, https://www.elektrotechnikdesch.de/wp-content/uploads/2020/09/Schalter-E2-768x762.jpg 768w, https://www.elektrotechnikdesch.de/wp-content/uploads/2020/09/Schalter-E2-100x99.jpg 100w, https://www.elektrotechnikdesch.de/wp-content/uploads/2020/09/Schalter-E2-200x198.jpg 200w, https://www.elektrotechnikdesch.de/wp-content/uploads/2020/09/Schalter-E2-450x446.jpg 450w, https://www.elektrotechnikdesch.de/wp-content/uploads/2020/09/Schalter-E2-600x595.jpg 600w, https://www.elektrotechnikdesch.de/wp-content/uploads/2020/09/Schalter-E2-900x893.jpg 900w, https://www.elektrotechnikdesch.de/wp-content/uploads/2020/09/Schalter-E2.jpg 1132w" sizes="auto, (max-width: 1024px) 100vw, 1024px" /></figure></li><li class="blocks-gallery-item"><figure><img loading="lazy" decoding="async" width="850" height="850" src="https://www.elektrotechnikdesch.de/wp-content/uploads/2020/09/Steckdose-E2.jpg" alt="" data-id="100" data-full-url="https://www.elektrotechnikdesch.de/wp-content/uploads/2020/09/Steckdose-E2.jpg" data-link="https://www.elektrotechnikdesch.de/?attachment_id=100" class="wp-image-100" srcset="https://www.elektrotechnikdesch.de/wp-content/uploads/2020/09/Steckdose-E2.jpg 850w, https://www.elektrotechnikdesch.de/wp-content/uploads/2020/09/Steckdose-E2-300x300.jpg 300w, https://www.elektrotechnikdesch.de/wp-content/uploads/2020/09/Steckdose-E2-150x150.jpg 150w, https://www.elektrotechnikdesch.de/wp-content/uploads/2020/09/Steckdose-E2-768x768.jpg 768w, https://www.elektrotechnikdesch.de/wp-content/uploads/2020/09/Steckdose-E2-100x100.jpg 100w, https://www.elektrotechnikdesch.de/wp-content/uploads/2020/09/Steckdose-E2-200x200.jpg 200w, https://www.elektrotechnikdesch.de/wp-content/uploads/2020/09/Steckdose-E2-450x450.jpg 450w, https://www.elektrotechnikdesch.de/wp-content/uploads/2020/09/Steckdose-E2-600x600.jpg 600w" sizes="auto, (max-width: 850px) 100vw, 850px" /></figure></li></ul></figure>



<p>Gira System 55 E3 reinweiß glänzend (weitere Farben verfügbar)</p>



<figure class="wp-block-gallery columns-2 is-cropped wp-block-gallery-3 is-layout-flex wp-block-gallery-is-layout-flex"><ul class="blocks-gallery-grid"><li class="blocks-gallery-item"><figure><img loading="lazy" decoding="async" width="850" height="850" src="https://www.elektrotechnikdesch.de/wp-content/uploads/2020/09/Schalter-E3.jpg" alt="" data-id="101" data-full-url="https://www.elektrotechnikdesch.de/wp-content/uploads/2020/09/Schalter-E3.jpg" data-link="https://www.elektrotechnikdesch.de/?attachment_id=101" class="wp-image-101" srcset="https://www.elektrotechnikdesch.de/wp-content/uploads/2020/09/Schalter-E3.jpg 850w, https://www.elektrotechnikdesch.de/wp-content/uploads/2020/09/Schalter-E3-300x300.jpg 300w, https://www.elektrotechnikdesch.de/wp-content/uploads/2020/09/Schalter-E3-150x150.jpg 150w, https://www.elektrotechnikdesch.de/wp-content/uploads/2020/09/Schalter-E3-768x768.jpg 768w, https://www.elektrotechnikdesch.de/wp-content/uploads/2020/09/Schalter-E3-100x100.jpg 100w, https://www.elektrotechnikdesch.de/wp-content/uploads/2020/09/Schalter-E3-200x200.jpg 200w, https://www.elektrotechnikdesch.de/wp-content/uploads/2020/09/Schalter-E3-450x450.jpg 450w, https://www.elektrotechnikdesch.de/wp-content/uploads/2020/09/Schalter-E3-600x600.jpg 600w" sizes="auto, (max-width: 850px) 100vw, 850px" /></figure></li><li class="blocks-gallery-item"><figure><img loading="lazy" decoding="async" width="1024" height="1024" src="https://www.elektrotechnikdesch.de/wp-content/uploads/2020/09/Steckdose-E3-1024x1024.jpg" alt="" data-id="104" data-full-url="https://www.elektrotechnikdesch.de/wp-content/uploads/2020/09/Steckdose-E3.jpg" data-link="https://www.elektrotechnikdesch.de/?attachment_id=104" class="wp-image-104" srcset="https://www.elektrotechnikdesch.de/wp-content/uploads/2020/09/Steckdose-E3-1024x1024.jpg 1024w, https://www.elektrotechnikdesch.de/wp-content/uploads/2020/09/Steckdose-E3-300x300.jpg 300w, https://www.elektrotechnikdesch.de/wp-content/uploads/2020/09/Steckdose-E3-150x150.jpg 150w, https://www.elektrotechnikdesch.de/wp-content/uploads/2020/09/Steckdose-E3-768x768.jpg 768w, https://www.elektrotechnikdesch.de/wp-content/uploads/2020/09/Steckdose-E3-100x100.jpg 100w, https://www.elektrotechnikdesch.de/wp-content/uploads/2020/09/Steckdose-E3-200x200.jpg 200w, https://www.elektrotechnikdesch.de/wp-content/uploads/2020/09/Steckdose-E3-450x450.jpg 450w, https://www.elektrotechnikdesch.de/wp-content/uploads/2020/09/Steckdose-E3-600x600.jpg 600w, https://www.elektrotechnikdesch.de/wp-content/uploads/2020/09/Steckdose-E3-900x900.jpg 900w, https://www.elektrotechnikdesch.de/wp-content/uploads/2020/09/Steckdose-E3.jpg 1284w" sizes="auto, (max-width: 1024px) 100vw, 1024px" /></figure></li></ul></figure>

<p>Gira Standard 55 reinweiß glänzend (weitere Farben verfügbar) Gira System 55 E2 reinweiß glänzend (weitere Farben verfügbar) Gira System 55 E3 reinweiß glänzend (weitere Farben verfügbar)</p>
